{"id":11,"date":"2019-06-01T13:45:20","date_gmt":"2019-06-01T13:45:20","guid":{"rendered":"http:\/\/energietisch-dessau.de\/?page_id=11"},"modified":"2019-10-10T15:28:19","modified_gmt":"2019-10-10T15:28:19","slug":"impressum","status":"publish","type":"page","link":"https:\/\/energietisch-dessau.de\/?page_id=11","title":{"rendered":"Impressum"},"content":{"rendered":"\n<p><strong>Impressum<\/strong><\/p>\n\n\n\n<p><\/p>\n\n\n\n<p><strong>Herausgeber und Verantwortlich f\u00fcr den Inhalt<\/strong><\/p>\n\n\n\n<p>Energietisch\nDessau e. V.<br>\nc\/o energie abc, Burkhard Petersen<br>\nAskanische Stra\u00dfe 156<br>\n06842 Dessau-Rosslau, Germany<br>\nTel.: (03 40) 850 71 80<\/p>\n\n\n\n<p><strong>Ansprechpartner<\/strong><br>Burkhard Petersen (Vereinsvorsitzender)<br>b.petersen(at)energietisch-dessau(dot)de<\/p>\n\n\n\n<p><strong>Vereinsregister<br>\n<\/strong>VR 31399,\nAmtsgericht Stendal<\/p>\n\n\n\n<p><strong>Mitglieder des Vorstands<\/strong><br> Burkhard Petersen <br> Dr. Guido Knoche <br> Josephine Seidel<br><\/p>\n\n\n\n<p><strong>Zuwendungsbest\u00e4tigungen<\/strong><\/p>\n\n\n\n<p>Der Verein\nist gemeinn\u00fctzig insofern er sich satzungsgem\u00e4\u00df der \u00bbF\u00f6rderung des\nUmweltschutzes\u00ab verschrieben hat. Entsprechend d\u00fcrfen wir\nZuwendungsbest\u00e4tigungen (Spendenquittungen) nach \u00a7 52 Abs. 2 Satz 1 Nr. 08 AO\nausstellen.<\/p>\n\n\n\n<p><strong>Urheberrecht<\/strong><\/p>\n\n\n\n<p>Die durch\ndie Seitenbetreiber erstellten Inhalte und Werke auf diesen Seiten unterliegen\ndem deutschen Urheberrecht. Die Vervielf\u00e4ltigung, Bearbeitung, Verbreitung und\njede Art der Verwertung au\u00dferhalb der Grenzen des Urheberrechtes bed\u00fcrfen der\nschriftlichen Zustimmung des jeweiligen Autors bzw. Erstellers. Downloads und\nKopien dieser Seite sind nur f\u00fcr den privaten, nicht kommerziellen Gebrauch\ngestattet. Soweit die Inhalte auf dieser Seite nicht vom Betreiber erstellt\nwurden, werden die Urheberrechte Dritter beachtet. Insbesondere werden Inhalte\nDritter als solche gekennzeichnet. Sollten Sie trotzdem auf eine\nUrheberrechtsverletzung aufmerksam werden, bitten wir um einen entsprechenden\nHinweis. Bei Bekanntwerden von Rechtsverletzungen werden wir derartige Inhalte\numgehend entfernen.<br>\nDatenschutz<\/p>\n\n\n\n<p>Die Nutzung\nunserer Webseite ist in der Regel ohne Angabe personenbezogener Daten m\u00f6glich.\nSoweit auf unseren Seiten personenbezogene Daten (beispielsweise Name,\nAnschrift oder eMail-Adressen) erhoben werden, erfolgt dies, soweit m\u00f6glich,\nstets auf freiwilliger Basis. Diese Daten werden ohne Ihre ausdr\u00fcckliche\nZustimmung nicht an Dritte weitergegeben.<\/p>\n\n\n\n<p>Wir weisen\ndarauf hin, dass die Daten\u00fcbertragung im Internet (z. B. bei der Kommunikation\nper E-Mail) Sicherheitsl\u00fccken aufweisen kann. Ein l\u00fcckenloser Schutz der Daten\nvor dem Zugriff durch Dritte ist nicht m\u00f6glich.<\/p>\n\n\n\n<p>Der Nutzung\nvon im Rahmen der Impressumspflicht ver\u00f6ffentlichten Kontaktdaten durch Dritte\nzur \u00dcbersendung von nicht ausdr\u00fccklich angeforderter Werbung und\nInformationsmaterialien wird hiermit ausdr\u00fccklich widersprochen. Die Betreiber\nder Seiten behalten sich ausdr\u00fccklich rechtliche Schritte im Falle der\nunverlangten Zusendung von Werbeinformationen, etwa durch Spam-Mails, vor.<\/p>\n\n\n\n<p><strong>Datenschutzerkl\u00e4rung f\u00fcr die Nutzung von<br>\nFacebook-Plugins (Like-Button)<\/strong><\/p>\n\n\n\n<p>Auf unseren\nSeiten sind Plugins des sozialen Netzwerks Facebook, 1601 South California\nAvenue, Palo Alto, CA 94304, USA integriert. Die Facebook-Plugins erkennen Sie\nan dem Facebook-Logo oder dem \u00bbLike-Button\u00ab (\u00bbGef\u00e4llt mir\u00ab) auf unserer Seite.\nEine \u00dcbersicht \u00fcber die Facebook-Plugins finden Sie hier: <a href=\"https:\/\/web.archive.org\/web\/20161020181818\/http:\/developers.facebook.com\/docs\/plugins\/\" target=\"_blank\" rel=\"noreferrer noopener\">http:\/\/developers.facebook.com\/docs\/plugins\/<\/a>.<br>\nWenn Sie unsere Seiten besuchen, wird \u00fcber das Plugin eine direkte Verbindung\nzwischen Ihrem Browser und dem Facebook-Server hergestellt. Facebook erh\u00e4lt\ndadurch die Information, dass Sie mit Ihrer IP-Adresse unsere Seite besucht\nhaben. Wenn Sie den Facebook \u00bbLike-Button\u00ab anklicken w\u00e4hrend Sie in Ihrem\nFacebook-Account eingeloggt sind, k\u00f6nnen Sie die Inhalte unserer Seiten auf\nIhrem Facebook-Profil verlinken. Dadurch kann Facebook den Besuch unserer\nSeiten Ihrem Benutzerkonto zuordnen. Wir weisen darauf hin, dass wir als\nAnbieter der Seiten keine Kenntnis vom Inhalt der \u00fcbermittelten Daten sowie\nderen Nutzung durch Facebook erhalten. Weitere Informationen hierzu finden Sie\nin der Datenschutzerkl\u00e4rung von facebook unter <a href=\"https:\/\/web.archive.org\/web\/20161020181818\/http:\/de-de.facebook.com\/policy.php\" target=\"_blank\" rel=\"noreferrer noopener\">http:\/\/de-de.facebook.com\/policy.php<\/a><\/p>\n\n\n\n<p>Wenn Sie\nnicht w\u00fcnschen, dass Facebook den Besuch unserer Seiten Ihrem\nFacebook-Nutzerkonto zuordnen kann, loggen Sie sich bitte aus Ihrem\nFacebook-Benutzerkonto aus.<br>\nDatenschutzerkl\u00e4rung f\u00fcr die Nutzung von Google Analytics<\/p>\n\n\n\n<p>Diese\nWebsite benutzt Google Analytics, einen Webanalysedienst der Google Inc.\n(\u00bbGoogle\u00ab). Google Analytics verwendet sog. \u00bbCookies\u00ab, Textdateien, die auf\nIhrem Computer gespeichert werden und die eine Analyse der Benutzung der\nWebsite durch Sie erm\u00f6glichen. Die durch den Cookie erzeugten Informationen\n\u00fcber Ihre Benutzung dieser Website werden in der Regel an einen Server von\nGoogle in den USA \u00fcbertragen und dort gespeichert. Im Falle der Aktivierung der\nIP-Anonymisierung auf dieser Webseite wird Ihre IP-Adresse von Google jedoch\ninnerhalb von Mitgliedstaaten der Europ\u00e4ischen Union oder in anderen\nVertragsstaaten des Abkommens \u00fcber den Europ\u00e4ischen Wirtschaftsraum zuvor\ngek\u00fcrzt.<\/p>\n\n\n\n<p>Nur in\nAusnahmef\u00e4llen wird die volle IP-Adresse an einen Server von Google in den USA\n\u00fcbertragen und dort gek\u00fcrzt. Im Auftrag des Betreibers dieser Website wird\nGoogle diese Informationen benutzen, um Ihre Nutzung der Website auszuwerten,\num Reports \u00fcber die Websiteaktivit\u00e4ten zusammenzustellen und um weitere mit der\nWebsitenutzung und der Internetnutzung verbundene Dienstleistungen gegen\u00fcber\ndem Websitebetreiber zu erbringen. Die im Rahmen von Google Analytics von Ihrem\nBrowser \u00fcbermittelte IP-Adresse wird nicht mit anderen Daten von Google zusammengef\u00fchrt.<\/p>\n\n\n\n<p>Sie k\u00f6nnen die Speicherung der Cookies durch eine entsprechende Einstellung Ihrer Browser-Software verhindern; wir weisen Sie jedoch darauf hin, dass Sie in diesem Fall gegebenenfalls nicht s\u00e4mtliche Funktionen dieser Website vollumf\u00e4nglich werden nutzen k\u00f6nnen. Sie k\u00f6nnen dar\u00fcber hinaus die Erfassung der durch das Cookie erzeugten und auf Ihre Nutzung der Website bezogenen Daten (inkl. Ihrer IP-Adresse) an Google sowie die Verarbeitung dieser Daten durch Google verhindern, indem sie das unter dem folgenden Link verf\u00fcgbare Browser-Plugin herunterladen und installieren: <a rel=\"noreferrer noopener\" href=\"https:\/\/web.archive.org\/web\/20161020181818\/http:\/tools.google.com\/dlpage\/gaoptout?hl=de\" target=\"_blank\">http:\/\/tools.google.com\/dlpage\/gaoptout?hl=de<\/a>.<br><br><br><\/p>\n\n\n\n<p><strong>Datenschutzerkl\u00e4rung<\/strong><\/p>\n\n\n\n<p><strong>Datenschutz<\/strong><\/p>\n\n\n\n<p>Wir haben\ndiese Datenschutzerkl\u00e4rung (Fassung 01.06.2019-311108743) verfasst, um Ihnen\ngem\u00e4\u00df der Vorgaben der <a href=\"https:\/\/eur-lex.europa.eu\/legal-content\/DE\/ALL\/?tid=1234&amp;uri=celex%3A32016R0679&amp;tid=311108743\" target=\"_blank\" rel=\"noreferrer noopener\">Datenschutz-Grundverordnung (EU)\n2016\/679<\/a> zu erkl\u00e4ren, welche Informationen wir sammeln, wie wir\nDaten verwenden und welche Entscheidungsm\u00f6glichkeiten Sie als Besucher dieser\nWebseite haben.<\/p>\n\n\n\n<p>Leider liegt\nes in der Natur der Sache, dass diese Erkl\u00e4rungen sehr technisch klingen, wir\nhaben uns bei der Erstellung jedoch bem\u00fcht die wichtigsten Dinge so einfach und\nklar wie m\u00f6glich zu beschreiben.<\/p>\n\n\n\n<p><strong>Facebook Datenschutzerkl\u00e4rung<\/strong><\/p>\n\n\n\n<p>Wir\nverwenden auf dieser Webseite Funktionen von Facebook, einem Social Media\nNetwork der Firma Facebook Ireland Ltd., 4 Grand Canal Square, Grand Canal\nHarbour, Dublin 2 Ireland.<br>\nWelche Funktionen (Soziale Plug-ins) Facebook bereitstellt, k\u00f6nnen Sie auf <a href=\"https:\/\/developers.facebook.com\/docs\/plugins\/\">https:\/\/developers.facebook.com\/docs\/plugins\/<\/a>\nnachlesen.<br>\nDurch den Besuch unserer Webseite k\u00f6nnen Informationen an Facebook \u00fcbermittelt\nwerden. Wenn Sie \u00fcber ein Facebook-Konto verf\u00fcgen, kann Facebook diese Daten\nIhrem pers\u00f6nlichen Konto zuordnen. Sollten Sie das nicht w\u00fcnschen, melden Sie\nsich bitte von Facebook ab.<br>\nDie Datenschutzrichtlinien, welche Informationen Facebook sammelt und wie sie\ndiese verwenden finden Sie auf <a href=\"https:\/\/www.facebook.com\/policy.php\">https:\/\/www.facebook.com\/policy.php<\/a>.<\/p>\n\n\n\n<p><strong>Twitter Datenschutzerkl\u00e4rung<\/strong><\/p>\n\n\n\n<p>Wir\nverwenden auf dieser Webseite Funktionen von Twitter, einem Social Network der\nFirma Twitter International Company, One Cumberland Place, Fenian Street,\nDublin 2 D02 AX07, Irland.<\/p>\n\n\n\n<p>Dadurch\nk\u00f6nnen auch personenbezogene Daten an Twitter \u00fcbertragen werden. Wir \u00fcberwachen\ndiesen Datenaustausch nicht und speichern nichts dar\u00fcber.<\/p>\n\n\n\n<p>Wenn Sie\nmehr \u00fcber die Nutzung Ihrer Daten durch Twitter wissen m\u00f6chten, finden Sie alle\nInformationen in der <a href=\"https:\/\/twitter.com\/de\/privacy?tid=311108743\">Twitter Datenschutzrichtline auf\nhttps:\/\/twitter.com\/de\/privacy<\/a>.<\/p>\n\n\n\n<p>Sollten Sie\nein Konto bei Twitter haben, k\u00f6nnen Sie Ihre Datenschutzeinstellungen in den\nKonto- Einstellungen unter <a href=\"https:\/\/twitter.com\/settings\/account?tid=311108743\">https:\/\/twitter.com\/settings\/account<\/a> \u00e4ndern.<\/p>\n\n\n\n<p>Quelle: Erstellt&nbsp;mit dem&nbsp;Datenschutz Generator von <a rel=\"noreferrer noopener\" href=\"https:\/\/www.adsimple.at\" target=\"_blank\">Content Marketing Agentur AdSimple.at<\/a>&nbsp;in Kooperation mit <a rel=\"noreferrer noopener\" href=\"https:\/\/www.wallentin.cc\" target=\"_blank\">wallentin.cc<\/a> <br><\/p>\n","protected":false},"excerpt":{"rendered":"<p>Impressum Herausgeber und Verantwortlich f\u00fcr den Inhalt Energietisch Dessau e. V. c\/o energie abc, Burkhard Petersen Askanische Stra\u00dfe 156 06842 Dessau-Rosslau, Germany Tel.: (03 40) 850 71 80 AnsprechpartnerBurkhard Petersen (Vereinsvorsitzender)b.petersen(at)energietisch-dessau(dot)de Vereinsregister VR 31399, Amtsgericht Stendal Mitglieder des Vorstands Burkhard Petersen Dr. Guido Knoche Josephine Seidel Zuwendungsbest\u00e4tigungen Der Verein ist gemeinn\u00fctzig insofern er sich satzungsgem\u00e4\u00df [&hellip;]<\/p>\n","protected":false},"author":2,"featured_media":0,"parent":0,"menu_order":0,"comment_status":"closed","ping_status":"closed","template":"","meta":{"footnotes":""},"class_list":["post-11","page","type-page","status-publish","hentry","post-preview"],"_links":{"self":[{"href":"https:\/\/energietisch-dessau.de\/index.php?rest_route=\/wp\/v2\/pages\/11","targetHints":{"allow":["GET"]}}],"collection":[{"href":"https:\/\/energietisch-dessau.de\/index.php?rest_route=\/wp\/v2\/pages"}],"about":[{"href":"https:\/\/energietisch-dessau.de\/index.php?rest_route=\/wp\/v2\/types\/page"}],"author":[{"embeddable":true,"href":"https:\/\/energietisch-dessau.de\/index.php?rest_route=\/wp\/v2\/users\/2"}],"replies":[{"embeddable":true,"href":"https:\/\/energietisch-dessau.de\/index.php?rest_route=%2Fwp%2Fv2%2Fcomments&post=11"}],"version-history":[{"count":5,"href":"https:\/\/energietisch-dessau.de\/index.php?rest_route=\/wp\/v2\/pages\/11\/revisions"}],"predecessor-version":[{"id":133,"href":"https:\/\/energietisch-dessau.de\/index.php?rest_route=\/wp\/v2\/pages\/11\/revisions\/133"}],"wp:attachment":[{"href":"https:\/\/energietisch-dessau.de\/index.php?rest_route=%2Fwp%2Fv2%2Fmedia&parent=11"}],"curies":[{"name":"wp","href":"https:\/\/api.w.org\/{rel}","templated":true}]}}

<p><strong>Impressum</strong></p>



<p></p>



<p><strong>Herausgeber und Verantwortlich für den Inhalt</strong></p>



<p>Energietisch
Dessau e. V.<br>
c/o energie abc, Burkhard Petersen<br>
Askanische Straße 156<br>
06842 Dessau-Rosslau, Germany<br>
Tel.: (03 40) 850 71 80</p>



<p><strong>Ansprechpartner</strong><br>Burkhard Petersen (Vereinsvorsitzender)<br>b.petersen(at)energietisch-dessau(dot)de</p>



<p><strong>Vereinsregister<br>
</strong>VR 31399,
Amtsgericht Stendal</p>



<p><strong>Mitglieder des Vorstands</strong><br> Burkhard Petersen <br> Dr. Guido Knoche <br> Josephine Seidel<br></p>



<p><strong>Zuwendungsbestätigungen</strong></p>



<p>Der Verein
ist gemeinnützig insofern er sich satzungsgemäß der »Förderung des
Umweltschutzes« verschrieben hat. Entsprechend dürfen wir
Zuwendungsbestätigungen (Spendenquittungen) nach § 52 Abs. 2 Satz 1 Nr. 08 AO
ausstellen.</p>



<p><strong>Urheberrecht</strong></p>



<p>Die durch
die Seitenbetreiber erstellten Inhalte und Werke auf diesen Seiten unterliegen
dem deutschen Urheberrecht. Die Vervielfältigung, Bearbeitung, Verbreitung und
jede Art der Verwertung außerhalb der Grenzen des Urheberrechtes bedürfen der
schriftlichen Zustimmung des jeweiligen Autors bzw. Erstellers. Downloads und
Kopien dieser Seite sind nur für den privaten, nicht kommerziellen Gebrauch
gestattet. Soweit die Inhalte auf dieser Seite nicht vom Betreiber erstellt
wurden, werden die Urheberrechte Dritter beachtet. Insbesondere werden Inhalte
Dritter als solche gekennzeichnet. Sollten Sie trotzdem auf eine
Urheberrechtsverletzung aufmerksam werden, bitten wir um einen entsprechenden
Hinweis. Bei Bekanntwerden von Rechtsverletzungen werden wir derartige Inhalte
umgehend entfernen.<br>
Datenschutz</p>



<p>Die Nutzung
unserer Webseite ist in der Regel ohne Angabe personenbezogener Daten möglich.
Soweit auf unseren Seiten personenbezogene Daten (beispielsweise Name,
Anschrift oder eMail-Adressen) erhoben werden, erfolgt dies, soweit möglich,
stets auf freiwilliger Basis. Diese Daten werden ohne Ihre ausdrückliche
Zustimmung nicht an Dritte weitergegeben.</p>



<p>Wir weisen
darauf hin, dass die Datenübertragung im Internet (z. B. bei der Kommunikation
per E-Mail) Sicherheitslücken aufweisen kann. Ein lückenloser Schutz der Daten
vor dem Zugriff durch Dritte ist nicht möglich.</p>



<p>Der Nutzung
von im Rahmen der Impressumspflicht veröffentlichten Kontaktdaten durch Dritte
zur Übersendung von nicht ausdrücklich angeforderter Werbung und
Informationsmaterialien wird hiermit ausdrücklich widersprochen. Die Betreiber
der Seiten behalten sich ausdrücklich rechtliche Schritte im Falle der
unverlangten Zusendung von Werbeinformationen, etwa durch Spam-Mails, vor.</p>



<p><strong>Datenschutzerklärung für die Nutzung von<br>
Facebook-Plugins (Like-Button)</strong></p>



<p>Auf unseren
Seiten sind Plugins des sozialen Netzwerks Facebook, 1601 South California
Avenue, Palo Alto, CA 94304, USA integriert. Die Facebook-Plugins erkennen Sie
an dem Facebook-Logo oder dem »Like-Button« (»Gefällt mir«) auf unserer Seite.
Eine Übersicht über die Facebook-Plugins finden Sie hier: <a href="https://web.archive.org/web/20161020181818/http:/developers.facebook.com/docs/plugins/" target="_blank" rel="noreferrer noopener">http://developers.facebook.com/docs/plugins/</a>.<br>
Wenn Sie unsere Seiten besuchen, wird über das Plugin eine direkte Verbindung
zwischen Ihrem Browser und dem Facebook-Server hergestellt. Facebook erhält
dadurch die Information, dass Sie mit Ihrer IP-Adresse unsere Seite besucht
haben. Wenn Sie den Facebook »Like-Button« anklicken während Sie in Ihrem
Facebook-Account eingeloggt sind, können Sie die Inhalte unserer Seiten auf
Ihrem Facebook-Profil verlinken. Dadurch kann Facebook den Besuch unserer
Seiten Ihrem Benutzerkonto zuordnen. Wir weisen darauf hin, dass wir als
Anbieter der Seiten keine Kenntnis vom Inhalt der übermittelten Daten sowie
deren Nutzung durch Facebook erhalten. Weitere Informationen hierzu finden Sie
in der Datenschutzerklärung von facebook unter <a href="https://web.archive.org/web/20161020181818/http:/de-de.facebook.com/policy.php" target="_blank" rel="noreferrer noopener">http://de-de.facebook.com/policy.php</a></p>



<p>Wenn Sie
nicht wünschen, dass Facebook den Besuch unserer Seiten Ihrem
Facebook-Nutzerkonto zuordnen kann, loggen Sie sich bitte aus Ihrem
Facebook-Benutzerkonto aus.<br>
Datenschutzerklärung für die Nutzung von Google Analytics</p>



<p>Diese
Website benutzt Google Analytics, einen Webanalysedienst der Google Inc.
(»Google«). Google Analytics verwendet sog. »Cookies«, Textdateien, die auf
Ihrem Computer gespeichert werden und die eine Analyse der Benutzung der
Website durch Sie ermöglichen. Die durch den Cookie erzeugten Informationen
über Ihre Benutzung dieser Website werden in der Regel an einen Server von
Google in den USA übertragen und dort gespeichert. Im Falle der Aktivierung der
IP-Anonymisierung auf dieser Webseite wird Ihre IP-Adresse von Google jedoch
innerhalb von Mitgliedstaaten der Europäischen Union oder in anderen
Vertragsstaaten des Abkommens über den Europäischen Wirtschaftsraum zuvor
gekürzt.</p>



<p>Nur in
Ausnahmefällen wird die volle IP-Adresse an einen Server von Google in den USA
übertragen und dort gekürzt. Im Auftrag des Betreibers dieser Website wird
Google diese Informationen benutzen, um Ihre Nutzung der Website auszuwerten,
um Reports über die Websiteaktivitäten zusammenzustellen und um weitere mit der
Websitenutzung und der Internetnutzung verbundene Dienstleistungen gegenüber
dem Websitebetreiber zu erbringen. Die im Rahmen von Google Analytics von Ihrem
Browser übermittelte IP-Adresse wird nicht mit anderen Daten von Google zusammengeführt.</p>



<p>Sie können die Speicherung der Cookies durch eine entsprechende Einstellung Ihrer Browser-Software verhindern; wir weisen Sie jedoch darauf hin, dass Sie in diesem Fall gegebenenfalls nicht sämtliche Funktionen dieser Website vollumfänglich werden nutzen können. Sie können darüber hinaus die Erfassung der durch das Cookie erzeugten und auf Ihre Nutzung der Website bezogenen Daten (inkl. Ihrer IP-Adresse) an Google sowie die Verarbeitung dieser Daten durch Google verhindern, indem sie das unter dem folgenden Link verfügbare Browser-Plugin herunterladen und installieren: <a rel="noreferrer noopener" href="https://web.archive.org/web/20161020181818/http:/tools.google.com/dlpage/gaoptout?hl=de" target="_blank">http://tools.google.com/dlpage/gaoptout?hl=de</a>.<br><br><br></p>



<p><strong>Datenschutzerklärung</strong></p>



<p><strong>Datenschutz</strong></p>



<p>Wir haben
diese Datenschutzerklärung (Fassung 01.06.2019-311108743) verfasst, um Ihnen
gemäß der Vorgaben der <a href="https://eur-lex.europa.eu/legal-content/DE/ALL/?tid=1234&amp;uri=celex%3A32016R0679&amp;tid=311108743" target="_blank" rel="noreferrer noopener">Datenschutz-Grundverordnung (EU)
2016/679</a> zu erklären, welche Informationen wir sammeln, wie wir
Daten verwenden und welche Entscheidungsmöglichkeiten Sie als Besucher dieser
Webseite haben.</p>



<p>Leider liegt
es in der Natur der Sache, dass diese Erklärungen sehr technisch klingen, wir
haben uns bei der Erstellung jedoch bemüht die wichtigsten Dinge so einfach und
klar wie möglich zu beschreiben.</p>



<p><strong>Facebook Datenschutzerklärung</strong></p>



<p>Wir
verwenden auf dieser Webseite Funktionen von Facebook, einem Social Media
Network der Firma Facebook Ireland Ltd., 4 Grand Canal Square, Grand Canal
Harbour, Dublin 2 Ireland.<br>
Welche Funktionen (Soziale Plug-ins) Facebook bereitstellt, können Sie auf <a href="https://developers.facebook.com/docs/plugins/">https://developers.facebook.com/docs/plugins/</a>
nachlesen.<br>
Durch den Besuch unserer Webseite können Informationen an Facebook übermittelt
werden. Wenn Sie über ein Facebook-Konto verfügen, kann Facebook diese Daten
Ihrem persönlichen Konto zuordnen. Sollten Sie das nicht wünschen, melden Sie
sich bitte von Facebook ab.<br>
Die Datenschutzrichtlinien, welche Informationen Facebook sammelt und wie sie
diese verwenden finden Sie auf <a href="https://www.facebook.com/policy.php">https://www.facebook.com/policy.php</a>.</p>



<p><strong>Twitter Datenschutzerklärung</strong></p>



<p>Wir
verwenden auf dieser Webseite Funktionen von Twitter, einem Social Network der
Firma Twitter International Company, One Cumberland Place, Fenian Street,
Dublin 2 D02 AX07, Irland.</p>



<p>Dadurch
können auch personenbezogene Daten an Twitter übertragen werden. Wir überwachen
diesen Datenaustausch nicht und speichern nichts darüber.</p>



<p>Wenn Sie
mehr über die Nutzung Ihrer Daten durch Twitter wissen möchten, finden Sie alle
Informationen in der <a href="https://twitter.com/de/privacy?tid=311108743">Twitter Datenschutzrichtline auf
https://twitter.com/de/privacy</a>.</p>



<p>Sollten Sie
ein Konto bei Twitter haben, können Sie Ihre Datenschutzeinstellungen in den
Konto- Einstellungen unter <a href="https://twitter.com/settings/account?tid=311108743">https://twitter.com/settings/account</a> ändern.</p>



<p>Quelle: Erstellt&nbsp;mit dem&nbsp;Datenschutz Generator von <a rel="noreferrer noopener" href="https://www.adsimple.at" target="_blank">Content Marketing Agentur AdSimple.at</a>&nbsp;in Kooperation mit <a rel="noreferrer noopener" href="https://www.wallentin.cc" target="_blank">wallentin.cc</a> <br></p>

<p>Impressum Herausgeber und Verantwortlich für den Inhalt Energietisch Dessau e. V. c/o energie abc, Burkhard Petersen Askanische Straße 156 06842 Dessau-Rosslau, Germany Tel.: (03 40) 850 71 80 AnsprechpartnerBurkhard Petersen (Vereinsvorsitzender)b.petersen(at)energietisch-dessau(dot)de Vereinsregister VR 31399, Amtsgericht Stendal Mitglieder des Vorstands Burkhard Petersen Dr. Guido Knoche Josephine Seidel Zuwendungsbestätigungen Der Verein ist gemeinnützig insofern er sich satzungsgemäß [&hellip;]</p>
